posite?
False
Is 23160453539 composite?
True
Is 15586778191 composite?
False
Is 39158966321 a prime number?
True
Is 3675614333 a prime number?
True
Is 82948723063 a composite number?
True
Is 240581177 a composite number?
True
Is 107892057869 a composite number?
False
Is 67665896699 composite?
False
Is 8165922733 a prime number?
False
Is 2579204633 a composite number?
False
Is 923578589 a prime number?
True
Is 14271014083 composite?
True
Is 43537242323 a prime number?
True
Is 3489785881 a prime number?
False
Is 1685337961 a composite number?
False
Is 1484580179 composite?
False
Is 15127751 a prime number?
True
Is 384161977 a composite number?
False
Is 7466372345 a prime number?
False
Is 446819069 prime?
False
Is 584483663 a composite number?
False
Is 326695588059 prime?
False
Is 2469612259 a composite number?
True
Is 65461615957 a prime number?
False
Is 10384724971 prime?
False
Is 1014885151 composite?
True
Is 662523899 prime?
True
Is 2017988079 composite?
True
Is 2786096111 a composite number?
False
Is 115778905069 a prime number?
False
Is 2536646407 a prime number?
False
Is 305468681435 a prime number?
False
Is 39460948797 a composite number?
True
Is 1209656533 composite?
False
Is 2457587941 a prime number?
True
Is 41787714101 a composite number?
True
Is 7652523071 a composite number?
True
Is 298005569 a composite number?
False
Is 469600583 a prime number?
False
Is 566219027 composite?
True
Is 42054132739 a prime number?
True
Is 14399876783 prime?
False
Is 5667234637 a composite number?
True
Is 15007978417 composite?
True
Is 21196919 a prime number?
True
Is 57113690189 a prime number?
True
Is 6996208777 a prime number?
True
Is 7642499729 a prime number?
False
Is 58273046831 prime?
False
Is 18688405987 composite?
False
Is 7698882557 prime?
True
Is 100269953683 composite?
False
Is 3074081147 a prime number?
False
Is 55911719189 a prime number?
True
Is 36459379969 a prime number?
True
Is 1508986159 composite?
False
Is 180176683 composite?
True
Is 678917597 a composite number?
True
Is 7670700601 prime?
True
Is 526630297 a prime number?
True
Is 79242755063 a prime number?
True
Is 15114592301 a composite number?
True
Is 152382817 a composite number?
False
Is 10277589733 a prime number?
True
Is 121739478149 composite?
False
Is 109738561 composite?
True
Is 20587224389 a prime number?
True
Is 2841778943 a prime number?
True
Is 47705557546 prime?
False
Is 34138880609 prime?
False
Is 1048038139 prime?
True
Is 729159007 prime?
True
Is 16227462547 a composite number?
False
Is 464902237 composite?
False
Is 3380783167 prime?
False
Is 8509733977 a composite number?
False
Is 42988447121 composite?
False
Is 4426917479 a composite number?
True
Is 7420232486 prime?
False
Is 470831089 a composite number?
False
Is 27152015651 a prime number?
False
Is 3363932333 composite?
False
Is 197769538597 a composite number?
False
Is 210395951 composite?
True
Is 770863459 a composite number?
True
Is 7532415799 a composite number?
False
Is 993946517 composite?
True
Is 261985543 a prime number?
False
Is 222803771 a composite number?
False
Is 11993435413 a prime number?
False
Is 30139488101 prime?
True
Is 3532351829 composite?
False
Is 3527721541 a composite number?
False
Is 1087731259 a composite number?
False
Is 559726199 prime?
True
Is 907360633 prime?
True
Is 2556494683 composite?
True
Is 3616056627 a composite number?
True
Is 2977570483 a prime number?
False
Is 335676037 prime?
False
Is 3564122671 a composite number?
True
Is 73607419 a prime number?
False
Is 18309864029 prime?
True
Is 38923027735 a prime number?
False
Is 1725681673 prime?
False
Is 3976850161 a prime number?
False
Is 1987072861 a prime number?
False
Is 1274816737 composite?
False
Is 1113500699 prime?
True
Is 2964874691 composite?
True
Is 165437579 prime?
False
Is 3025175389 prime?
False
Is 196800168067 a composite number?
False
Is 41909859557 prime?
True
Is 27726678347 a prime number?
True
Is 57582046793 prime?
True
Is 1243203407 a composite number?
True
Is 72743899 prime?
True
Is 26492565481 a composite number?
True
Is 10983596971 a composite number?
False
Is 280631282459 prime?
False
Is 2529891841 a composite number?
False
Is 49812437603 a composite number?
False
Is 1263965533 a composite number?
False
Is 52826576767 a composite number?
True
Is 498632881 a composite number?
False
Is 4600690979 a prime number?
True
Is 1785633067 a composite number?
False
Is 2943550541 composite?
True
Is 3640359238 a composite number?
True
Is 1470963217 a composite number?
False
Is 960010603 prime?
False
Is 100245341459 a composite number?
True
Is 6565640255 a composite number?
True
Is 262645881 a prime number?
False
Is 179293171 composite?
False
Is 5927198479 prime?
False
Is 32363082629 prime?
True
Is 1365746357 a composite number?
True
Is 216976759 composite?
False
Is 104825874787 a composite number?
True
Is 842632223 composite?
True
Is 6147257447 a prime number?
True
Is 8256073963 composite?
True
Is 16609436231 composite?
True
Is 630778067 a prime number?
True
Is 41238411491 prime?
True
Is 935412659 prime?
False
Is 17139167 a prime number?
True
Is 117314809877 prime?
True
Is 27808358399 composite?
False
Is 326304733 a composite number?
False
Is 2197319077 prime?
True
Is 734079859 prime?
False
Is 1061532359 a composite number?
False
Is 796793207 composite?
True
Is 430944494 a composite number?
True
Is 27838883931 prime?
False
Is 92138842 composite?
True
Is 135214307 composite?
False
Is 35769153037 composite?
True
Is 10861142497 a composite number?
False
Is 1147600343 prime?
True
Is 31718996251 composite?
True
Is 552962279 prime?
True
Is 37444397 composite?
False
Is 134061308687 a prime number?
True
Is 192220732709 a composite number?
False
Is 702769913 a prime number?
True
Is 3706389626 composite?
True
Is 24343890019 prime?
True
Is 14882470355 composite?
True
Is 10755678121 a prime number?
True
Is 6946271639 a composite number?
True
Is 28926873167 prime?
False
Is 106430612305 prime?
False
Is 3970440311 prime?
True
Is 3698091641 composite?
False
Is 902034901 a composite number?
True
Is 419653951 prime?
False
Is 55382231 composite?
False
Is 525340363 composite?
True
Is 135077779 a prime number?
False
Is 243662971 a prime number?
True
Is 7726642621 a composite number?
False
Is 2631808093 a composite number?
True
Is 29659497193 composite?
False
Is 9018261893 prime?
True
Is 5982916831 a prime number?
True
Is 87027822151 prime?
True
Is 8445340237 composite?
False
Is 4904306833 a composite number?
False
Is 3010978223 a prime number?
False
Is 3042176717 a composite number?
False
Is 11995332199 prime?
True
Is 76287433331 a prime number?
True
Is 59876369939 prime?
False
Is 5295248983 a prime number?
True
Is 41127291397 a prime number?
False
Is 7363563457 a composite number?
False
Is 46314985117 prime?
True
Is 128464432657 a composite number?
True
Is 103796834331 prime?
False
Is 181832021627 prime?
True
Is 10752461953 composite?
False
Is 126874955563 a composite number?
False
Is 410758069 composite?
False
Is 68017438703 prime?
False
Is 20380253801 composite?
True
Is 183613376009 a prime number?
False
Is 121469473 composite?
False
Is 180660247 a composite number?
False
Is 2599610309 a prime number?
True
Is 6722219269 composite?
True
Is 32166679835 a composite number?
True
Is 137569926427 a composite number?
True
Is 840308759 a composite number?
True
Is 19326159893 a prime number?
True
Is 3261803827 prime?
True
Is 104497801 a composite number?
False
Is 4455251611 a composite number?
True
Is 2080766537 prime?
True
Is 925716469 a prime number?
True
Is 2449006927 a composite number?
True
Is 5269977253 prime?
False
Is 67574844157 a prime number?
True
Is 14976176081 a composite number?
True
Is 5182591123 prime?
True
Is 4394890153 composite?
False
Is 6678804727 composite?
True
Is 106342323727 a prime number?
True
Is 25550910559 composite?
True
Is 2081055521 a prime number?
False
Is 424401601 prime?
False
Is 5867271701 prime?
False
Is 4496538569 a composite number?
False
Is 366563819 a composite number?
True
Is 500015487 a prime number?
False
Is 32592376439 a prime number?
False
Is 7751493361 a composite number?
False
Is 342258163 a prime number?
False
Is 656006783 a composite number?
True
Is 7522235207 a composite number?
False
Is 26512